{"id":503,"date":"2024-08-19T02:21:05","date_gmt":"2024-08-19T02:21:05","guid":{"rendered":"http:\/\/tuhfa.ma\/?product=l7oub-white-lust-shirt"},"modified":"2025-10-25T11:17:37","modified_gmt":"2025-10-25T11:17:37","slug":"l7oub-white-lust-shirt","status":"publish","type":"product","link":"https:\/\/tuhfa.ma\/?product=l7oub-white-lust-shirt","title":{"rendered":"L\\&#8217;7oub &#8211; WHITE- LUST SHIRT"},"content":{"rendered":"<p>Type de tissu : Molletton Invisible<\/p>\n<p>100 % coton biologique peign\u00e9 fil\u00e9 \u00e0 l\u2019anneau<\/p>\n<p>Poids du tissu : 240 GSM<\/p>\n<p>Coupe confortable<\/p>\n","protected":false},"excerpt":{"rendered":"<p>Moroccan love is a tender blend of passion and tradition, woven into the fabric of our daily lives. From the bustling medinas to the serene oases, it thrives in gestures of kindness and enduring loyalty. With hearts as vast as our landscapes, we cherish and nurture this timeless connection.<\/p>\n","protected":false},"featured_media":1712,"comment_status":"open","ping_status":"closed","template":"","meta":{"_surecart_dashboard_logo_width":"180px","_surecart_dashboard_show_logo":true,"_surecart_dashboard_navigation_orders":true,"_surecart_dashboard_navigation_invoices":true,"_surecart_dashboard_navigation_subscriptions":true,"_surecart_dashboard_navigation_downloads":true,"_surecart_dashboard_navigation_billing":true,"_surecart_dashboard_navigation_account":true,"_uag_custom_page_level_css":""},"product_brand":[],"product_cat":[49],"product_tag":[34,46,47,50,51],"class_list":{"0":"post-503","1":"product","2":"type-product","3":"status-publish","4":"has-post-thumbnail","6":"product_cat-tshirt","7":"product_tag-7oub","8":"product_tag-love","9":"product_tag-lust","10":"product_tag-tshirt","11":"product_tag-white","13":"first","14":"outofstock","15":"sale","16":"shipping-taxable","17":"purchasable","18":"product-type-simple"},"uagb_featured_image_src":{"full":["https:\/\/tuhfa.ma\/wp-content\/uploads\/2024\/08\/Love-Back-White-Solo.jpg",1280,1280,false],"thumbnail":["https:\/\/tuhfa.ma\/wp-content\/uploads\/2024\/08\/Love-Back-White-Solo.jpg",150,150,false],"medium":["https:\/\/tuhfa.ma\/wp-content\/uploads\/2024\/08\/Love-Back-White-Solo.jpg",300,300,false],"medium_large":["https:\/\/tuhfa.ma\/wp-content\/uploads\/2024\/08\/Love-Back-White-Solo.jpg",768,768,false],"large":["https:\/\/tuhfa.ma\/wp-content\/uploads\/2024\/08\/Love-Back-White-Solo.jpg",1024,1024,false],"1536x1536":["https:\/\/tuhfa.ma\/wp-content\/uploads\/2024\/08\/Love-Back-White-Solo.jpg",1280,1280,false],"2048x2048":["https:\/\/tuhfa.ma\/wp-content\/uploads\/2024\/08\/Love-Back-White-Solo.jpg",1280,1280,false],"woocommerce_archive_thumbnail":["https:\/\/tuhfa.ma\/wp-content\/uploads\/2024\/08\/Love-Back-White-Solo.jpg",300,300,false],"mailpoet_newsletter_max":["https:\/\/tuhfa.ma\/wp-content\/uploads\/2024\/08\/Love-Back-White-Solo.jpg",1280,1280,false],"woocommerce_thumbnail":["https:\/\/tuhfa.ma\/wp-content\/uploads\/2024\/08\/Love-Back-White-Solo.jpg",300,300,false],"woocommerce_single":["https:\/\/tuhfa.ma\/wp-content\/uploads\/2024\/08\/Love-Back-White-Solo.jpg",600,600,false],"woocommerce_gallery_thumbnail":["https:\/\/tuhfa.ma\/wp-content\/uploads\/2024\/08\/Love-Back-White-Solo.jpg",100,100,false],"woosq":["https:\/\/tuhfa.ma\/wp-content\/uploads\/2024\/08\/Love-Back-White-Solo.jpg",460,460,false]},"uagb_author_info":{"display_name":"admin","author_link":"https:\/\/tuhfa.ma\/?author=0"},"uagb_comment_info":0,"uagb_excerpt":"Moroccan love is a tender blend of passion and tradition, woven into the fabric of our daily lives. From the bustling medinas to the serene oases, it thrives in gestures of kindness and enduring loyalty. With hearts as vast as our landscapes, we cherish and nurture this timeless connection.","jetpack_sharing_enabled":true,"_links":{"self":[{"href":"https:\/\/tuhfa.ma\/index.php?rest_route=\/wp\/v2\/product\/503","targetHints":{"allow":["GET"]}}],"collection":[{"href":"https:\/\/tuhfa.ma\/index.php?rest_route=\/wp\/v2\/product"}],"about":[{"href":"https:\/\/tuhfa.ma\/index.php?rest_route=\/wp\/v2\/types\/product"}],"replies":[{"embeddable":true,"href":"https:\/\/tuhfa.ma\/index.php?rest_route=%2Fwp%2Fv2%2Fcomments&post=503"}],"wp:featuredmedia":[{"embeddable":true,"href":"https:\/\/tuhfa.ma\/index.php?rest_route=\/wp\/v2\/media\/1712"}],"wp:attachment":[{"href":"https:\/\/tuhfa.ma\/index.php?rest_route=%2Fwp%2Fv2%2Fmedia&parent=503"}],"wp:term":[{"taxonomy":"product_brand","embeddable":true,"href":"https:\/\/tuhfa.ma\/index.php?rest_route=%2Fwp%2Fv2%2Fproduct_brand&post=503"},{"taxonomy":"product_cat","embeddable":true,"href":"https:\/\/tuhfa.ma\/index.php?rest_route=%2Fwp%2Fv2%2Fproduct_cat&post=503"},{"taxonomy":"product_tag","embeddable":true,"href":"https:\/\/tuhfa.ma\/index.php?rest_route=%2Fwp%2Fv2%2Fproduct_tag&post=503"}],"curies":[{"name":"wp","href":"https:\/\/api.w.org\/{rel}","templated":true}]}}